

{"id":61325,"date":"2024-09-25T17:56:12","date_gmt":"2024-09-25T15:56:12","guid":{"rendered":"https:\/\/varjesteg.se\/produkt\/ud-aerolight-wind-jacket-women\/"},"modified":"2025-07-01T00:00:33","modified_gmt":"2025-06-30T22:00:33","slug":"ud-aerolight-wind-jacket-women","status":"publish","type":"product","link":"https:\/\/varjesteg.se\/en\/product\/ud-aerolight-wind-jacket-women\/","title":{"rendered":"UD &#8211; Aerolight Wind Jacket Women"},"content":{"rendered":"<div class=\"flex max-w-full flex-col flex-grow\">\n<div class=\"min-h-8 text-message flex w-full flex-col items-end gap-2 whitespace-normal break-words [.text-message+&amp;]:mt-5\" dir=\"auto\" data-message-author-role=\"assistant\" data-message-id=\"e8a31ff5-5a9f-4e2d-86a4-905e9e894cd7\" data-message-model-slug=\"gpt-4o-mini\">\n<div class=\"flex w-full flex-col gap-1 empty:hidden first:pt-[3px]\">\n<div class=\"markdown prose w-full break-words dark:prose-invert light\">\n<p>The Aerolight Wind Jacket is an ultra-lightweight, breathable, and weather-resistant essential for any windy or rainy run, featuring 360\u00b0 micro-ventilation to ensure you stay dry and comfortable without getting sweaty.<\/p>\n<p><strong>FEATURES<\/strong><\/p>\n<ul>\n<li>Windproof and tear-resistant nylon treated with CO DWR (Durable Water Repellent treatment) to repel moisture from the surface<\/li>\n<li>Elastic edges at the hood and cuffs help block cold winds<\/li>\n<li>Can be packed into the inner chest pocket<\/li>\n<li>Drawstring at the hem for adjustable fit<\/li>\n<li>Reflective logo detail<\/li>\n<\/ul>\n<\/div>\n<\/div>\n<\/div>\n<\/div>\n","protected":false},"excerpt":{"rendered":"<p>The Aerolight Wind Jacket is an ultra-lightweight, breathable, and weather-resistant essential for any windy or rainy run, featuring 360\u00b0 micro-ventilation to ensure you stay dry and comfortable without getting sweaty.<\/p>\n<p><strong>FEATURES<\/strong><\/p>\n<ul>\n<li>Windproof and tear-resistant nylon treated with CO DWR (Durable Water Repellent treatment) to repel moisture from the surface<\/li>\n<li>Elastic edges at the hood and cuffs help block cold winds<\/li>\n<li>Can be packed into the inner chest pocket<\/li>\n<li>Drawstring at the hem for adjustable fit<\/li>\n<li>Reflective logo detail<\/li>\n<\/ul>\n","protected":false},"featured_media":67268,"template":"","meta":{"om_disable_all_campaigns":false,"_price":"1499","_stock":"","_tribe_ticket_header":"","_tribe_default_ticket_provider":"","_tribe_ticket_capacity":"0","_ticket_start_date":"","_ticket_end_date":"","_tribe_ticket_show_description":"","_tribe_ticket_show_not_going":false,"_tribe_ticket_use_global_stock":"","_tribe_ticket_global_stock_level":"","_global_stock_mode":"","_global_stock_cap":"","_tribe_rsvp_for_event":"","_tribe_ticket_going_count":"","_tribe_ticket_not_going_count":"","_tribe_tickets_list":"[]","_tribe_ticket_has_attendee_info_fields":false,"_tec_slr_enabled":"","_tec_slr_layout":""},"product_brand":[],"product_cat":[464],"product_tag":[],"class_list":{"0":"post-61325","1":"product","2":"type-product","3":"status-publish","4":"has-post-thumbnail","5":"product_cat-clothes","7":"first","8":"outofstock","9":"taxable","10":"shipping-taxable","11":"purchasable","12":"product-type-variable"},"acf":[],"yoast_head":"<!-- This site is optimized with the Yoast SEO plugin v27.1.1 - https:\/\/yoast.com\/product\/yoast-seo-wordpress\/ -->\n<title>UD - Aerolight Wind Jacket Women - VarjeSteg<\/title>\n<meta name=\"robots\" content=\"index, follow, max-snippet:-1, max-image-preview:large, max-video-preview:-1\" \/>\n<link rel=\"canonical\" href=\"https:\/\/varjesteg.se\/en\/product\/ud-aerolight-wind-jacket-women\/\" \/>\n<meta property=\"og:locale\" content=\"en_US\" \/>\n<meta property=\"og:type\" content=\"article\" \/>\n<meta property=\"og:title\" content=\"UD - Aerolight Wind Jacket Women - VarjeSteg\" \/>\n<meta property=\"og:description\" content=\"The Aerolight Wind Jacket is an ultra-lightweight, breathable, and weather-resistant essential for any windy or rainy run, featuring 360\u00b0 micro-ventilation to ensure you stay dry and comfortable without getting sweaty.  FEATURES   Windproof and tear-resistant nylon treated with CO DWR (Durable Water Repellent treatment) to repel moisture from the surface  Elastic edges at the hood and cuffs help block cold winds  Can be packed into the inner chest pocket  Drawstring at the hem for adjustable fit  Reflective logo detail\" \/>\n<meta property=\"og:url\" content=\"https:\/\/varjesteg.se\/en\/product\/ud-aerolight-wind-jacket-women\/\" \/>\n<meta property=\"og:site_name\" content=\"VarjeSteg\" \/>\n<meta property=\"article:publisher\" content=\"https:\/\/www.facebook.com\/varjesteg\" \/>\n<meta property=\"article:modified_time\" content=\"2025-06-30T22:00:33+00:00\" \/>\n<meta property=\"og:image\" content=\"https:\/\/varjesteg.se\/wp-content\/uploads\/2024\/09\/Aerolight_Wind_Jacket_W_Clay_Clay_83473923CLY_8__56883.jpg\" \/>\n\t<meta property=\"og:image:width\" content=\"1280\" \/>\n\t<meta property=\"og:image:height\" content=\"1280\" \/>\n\t<meta property=\"og:image:type\" content=\"image\/jpeg\" \/>\n<meta name=\"twitter:card\" content=\"summary_large_image\" \/>\n<script type=\"application\/ld+json\" class=\"yoast-schema-graph\">{\"@context\":\"https:\/\/schema.org\",\"@graph\":[{\"@type\":\"WebPage\",\"@id\":\"https:\/\/varjesteg.se\/en\/product\/ud-aerolight-wind-jacket-women\/\",\"url\":\"https:\/\/varjesteg.se\/en\/product\/ud-aerolight-wind-jacket-women\/\",\"name\":\"UD - Aerolight Wind Jacket Women - VarjeSteg\",\"isPartOf\":{\"@id\":\"https:\/\/varjesteg.se\/en\/#website\"},\"primaryImageOfPage\":{\"@id\":\"https:\/\/varjesteg.se\/en\/product\/ud-aerolight-wind-jacket-women\/#primaryimage\"},\"image\":{\"@id\":\"https:\/\/varjesteg.se\/en\/product\/ud-aerolight-wind-jacket-women\/#primaryimage\"},\"thumbnailUrl\":\"https:\/\/varjesteg.se\/wp-content\/uploads\/2024\/09\/395212_source_1679334198.jpg\",\"datePublished\":\"2024-09-25T15:56:12+00:00\",\"dateModified\":\"2025-06-30T22:00:33+00:00\",\"breadcrumb\":{\"@id\":\"https:\/\/varjesteg.se\/en\/product\/ud-aerolight-wind-jacket-women\/#breadcrumb\"},\"inLanguage\":\"en-US\",\"potentialAction\":[{\"@type\":\"ReadAction\",\"target\":[\"https:\/\/varjesteg.se\/en\/product\/ud-aerolight-wind-jacket-women\/\"]}]},{\"@type\":\"ImageObject\",\"inLanguage\":\"en-US\",\"@id\":\"https:\/\/varjesteg.se\/en\/product\/ud-aerolight-wind-jacket-women\/#primaryimage\",\"url\":\"https:\/\/varjesteg.se\/wp-content\/uploads\/2024\/09\/395212_source_1679334198.jpg\",\"contentUrl\":\"https:\/\/varjesteg.se\/wp-content\/uploads\/2024\/09\/395212_source_1679334198.jpg\",\"width\":1280,\"height\":1280},{\"@type\":\"BreadcrumbList\",\"@id\":\"https:\/\/varjesteg.se\/en\/product\/ud-aerolight-wind-jacket-women\/#breadcrumb\",\"itemListElement\":[{\"@type\":\"ListItem\",\"position\":1,\"name\":\"Hem\",\"item\":\"https:\/\/varjesteg.se\/en\/\"},{\"@type\":\"ListItem\",\"position\":2,\"name\":\"Store\",\"item\":\"https:\/\/varjesteg.se\/en\/store\/\"},{\"@type\":\"ListItem\",\"position\":3,\"name\":\"Clothes\",\"item\":\"https:\/\/varjesteg.se\/en\/product-category\/clothes\/\"},{\"@type\":\"ListItem\",\"position\":4,\"name\":\"UD &#8211; Aerolight Wind Jacket Women\"}]},{\"@type\":\"WebSite\",\"@id\":\"https:\/\/varjesteg.se\/en\/#website\",\"url\":\"https:\/\/varjesteg.se\/en\/\",\"name\":\"Varjesteg\",\"description\":\"L\u00f6ptr\u00e4ning f\u00f6r alla\",\"publisher\":{\"@id\":\"https:\/\/varjesteg.se\/en\/#organization\"},\"potentialAction\":[{\"@type\":\"SearchAction\",\"target\":{\"@type\":\"EntryPoint\",\"urlTemplate\":\"https:\/\/varjesteg.se\/en\/?s={search_term_string}\"},\"query-input\":{\"@type\":\"PropertyValueSpecification\",\"valueRequired\":true,\"valueName\":\"search_term_string\"}}],\"inLanguage\":\"en-US\"},{\"@type\":\"Organization\",\"@id\":\"https:\/\/varjesteg.se\/en\/#organization\",\"name\":\"Varjesteg\",\"url\":\"https:\/\/varjesteg.se\/en\/\",\"logo\":{\"@type\":\"ImageObject\",\"inLanguage\":\"en-US\",\"@id\":\"https:\/\/varjesteg.se\/en\/#\/schema\/logo\/image\/\",\"url\":\"https:\/\/varjesteg.se\/wp-content\/uploads\/2024\/02\/varjesteg-logo.png.webp\",\"contentUrl\":\"https:\/\/varjesteg.se\/wp-content\/uploads\/2024\/02\/varjesteg-logo.png.webp\",\"width\":819,\"height\":200,\"caption\":\"Varjesteg\"},\"image\":{\"@id\":\"https:\/\/varjesteg.se\/en\/#\/schema\/logo\/image\/\"},\"sameAs\":[\"https:\/\/www.facebook.com\/varjesteg\",\"https:\/\/www.tiktok.com\/@varjesteg?is_from_webapp=1&sender_device=pc\",\"https:\/\/www.instagram.com\/varjesteg.se\/\",\"https:\/\/se.linkedin.com\/company\/varjesteg\"]}]}<\/script>\n<!-- \/ Yoast SEO plugin. -->","yoast_head_json":{"title":"UD - Aerolight Wind Jacket Women - VarjeSteg","robots":{"index":"index","follow":"follow","max-snippet":"max-snippet:-1","max-image-preview":"max-image-preview:large","max-video-preview":"max-video-preview:-1"},"canonical":"https:\/\/varjesteg.se\/en\/product\/ud-aerolight-wind-jacket-women\/","og_locale":"en_US","og_type":"article","og_title":"UD - Aerolight Wind Jacket Women - VarjeSteg","og_description":"The Aerolight Wind Jacket is an ultra-lightweight, breathable, and weather-resistant essential for any windy or rainy run, featuring 360\u00b0 micro-ventilation to ensure you stay dry and comfortable without getting sweaty.  FEATURES   Windproof and tear-resistant nylon treated with CO DWR (Durable Water Repellent treatment) to repel moisture from the surface  Elastic edges at the hood and cuffs help block cold winds  Can be packed into the inner chest pocket  Drawstring at the hem for adjustable fit  Reflective logo detail","og_url":"https:\/\/varjesteg.se\/en\/product\/ud-aerolight-wind-jacket-women\/","og_site_name":"VarjeSteg","article_publisher":"https:\/\/www.facebook.com\/varjesteg","article_modified_time":"2025-06-30T22:00:33+00:00","og_image":[{"width":1280,"height":1280,"url":"https:\/\/varjesteg.se\/wp-content\/uploads\/2024\/09\/Aerolight_Wind_Jacket_W_Clay_Clay_83473923CLY_8__56883.jpg","type":"image\/jpeg"}],"twitter_card":"summary_large_image","schema":{"@context":"https:\/\/schema.org","@graph":[{"@type":"WebPage","@id":"https:\/\/varjesteg.se\/en\/product\/ud-aerolight-wind-jacket-women\/","url":"https:\/\/varjesteg.se\/en\/product\/ud-aerolight-wind-jacket-women\/","name":"UD - Aerolight Wind Jacket Women - VarjeSteg","isPartOf":{"@id":"https:\/\/varjesteg.se\/en\/#website"},"primaryImageOfPage":{"@id":"https:\/\/varjesteg.se\/en\/product\/ud-aerolight-wind-jacket-women\/#primaryimage"},"image":{"@id":"https:\/\/varjesteg.se\/en\/product\/ud-aerolight-wind-jacket-women\/#primaryimage"},"thumbnailUrl":"https:\/\/varjesteg.se\/wp-content\/uploads\/2024\/09\/395212_source_1679334198.jpg","datePublished":"2024-09-25T15:56:12+00:00","dateModified":"2025-06-30T22:00:33+00:00","breadcrumb":{"@id":"https:\/\/varjesteg.se\/en\/product\/ud-aerolight-wind-jacket-women\/#breadcrumb"},"inLanguage":"en-US","potentialAction":[{"@type":"ReadAction","target":["https:\/\/varjesteg.se\/en\/product\/ud-aerolight-wind-jacket-women\/"]}]},{"@type":"ImageObject","inLanguage":"en-US","@id":"https:\/\/varjesteg.se\/en\/product\/ud-aerolight-wind-jacket-women\/#primaryimage","url":"https:\/\/varjesteg.se\/wp-content\/uploads\/2024\/09\/395212_source_1679334198.jpg","contentUrl":"https:\/\/varjesteg.se\/wp-content\/uploads\/2024\/09\/395212_source_1679334198.jpg","width":1280,"height":1280},{"@type":"BreadcrumbList","@id":"https:\/\/varjesteg.se\/en\/product\/ud-aerolight-wind-jacket-women\/#breadcrumb","itemListElement":[{"@type":"ListItem","position":1,"name":"Hem","item":"https:\/\/varjesteg.se\/en\/"},{"@type":"ListItem","position":2,"name":"Store","item":"https:\/\/varjesteg.se\/en\/store\/"},{"@type":"ListItem","position":3,"name":"Clothes","item":"https:\/\/varjesteg.se\/en\/product-category\/clothes\/"},{"@type":"ListItem","position":4,"name":"UD &#8211; Aerolight Wind Jacket Women"}]},{"@type":"WebSite","@id":"https:\/\/varjesteg.se\/en\/#website","url":"https:\/\/varjesteg.se\/en\/","name":"Varjesteg","description":"L\u00f6ptr\u00e4ning f\u00f6r alla","publisher":{"@id":"https:\/\/varjesteg.se\/en\/#organization"},"potentialAction":[{"@type":"SearchAction","target":{"@type":"EntryPoint","urlTemplate":"https:\/\/varjesteg.se\/en\/?s={search_term_string}"},"query-input":{"@type":"PropertyValueSpecification","valueRequired":true,"valueName":"search_term_string"}}],"inLanguage":"en-US"},{"@type":"Organization","@id":"https:\/\/varjesteg.se\/en\/#organization","name":"Varjesteg","url":"https:\/\/varjesteg.se\/en\/","logo":{"@type":"ImageObject","inLanguage":"en-US","@id":"https:\/\/varjesteg.se\/en\/#\/schema\/logo\/image\/","url":"https:\/\/varjesteg.se\/wp-content\/uploads\/2024\/02\/varjesteg-logo.png.webp","contentUrl":"https:\/\/varjesteg.se\/wp-content\/uploads\/2024\/02\/varjesteg-logo.png.webp","width":819,"height":200,"caption":"Varjesteg"},"image":{"@id":"https:\/\/varjesteg.se\/en\/#\/schema\/logo\/image\/"},"sameAs":["https:\/\/www.facebook.com\/varjesteg","https:\/\/www.tiktok.com\/@varjesteg?is_from_webapp=1&sender_device=pc","https:\/\/www.instagram.com\/varjesteg.se\/","https:\/\/se.linkedin.com\/company\/varjesteg"]}]}},"_links":{"self":[{"href":"https:\/\/varjesteg.se\/en\/wp-json\/wp\/v2\/product\/61325","targetHints":{"allow":["GET"]}}],"collection":[{"href":"https:\/\/varjesteg.se\/en\/wp-json\/wp\/v2\/product"}],"about":[{"href":"https:\/\/varjesteg.se\/en\/wp-json\/wp\/v2\/types\/product"}],"wp:featuredmedia":[{"embeddable":true,"href":"https:\/\/varjesteg.se\/en\/wp-json\/wp\/v2\/media\/67268"}],"wp:attachment":[{"href":"https:\/\/varjesteg.se\/en\/wp-json\/wp\/v2\/media?parent=61325"}],"wp:term":[{"taxonomy":"product_brand","embeddable":true,"href":"https:\/\/varjesteg.se\/en\/wp-json\/wp\/v2\/product_brand?post=61325"},{"taxonomy":"product_cat","embeddable":true,"href":"https:\/\/varjesteg.se\/en\/wp-json\/wp\/v2\/product_cat?post=61325"},{"taxonomy":"product_tag","embeddable":true,"href":"https:\/\/varjesteg.se\/en\/wp-json\/wp\/v2\/product_tag?post=61325"}],"curies":[{"name":"wp","href":"https:\/\/api.w.org\/{rel}","templated":true}]}}

<!-- This site is optimized with the Yoast SEO plugin v27.1.1 - https://yoast.com/product/yoast-seo-wordpress/ -->
<title>UD - Aerolight Wind Jacket Women - VarjeSteg</title>
<meta name="robots" content="index, follow, max-snippet:-1, max-image-preview:large, max-video-preview:-1" />
<link rel="canonical" href="https://varjesteg.se/en/product/ud-aerolight-wind-jacket-women/" />
<meta property="og:locale" content="en_US" />
<meta property="og:type" content="article" />
<meta property="og:title" content="UD - Aerolight Wind Jacket Women - VarjeSteg" />
<meta property="og:description" content="The Aerolight Wind Jacket is an ultra-lightweight, breathable, and weather-resistant essential for any windy or rainy run, featuring 360° micro-ventilation to ensure you stay dry and comfortable without getting sweaty.  FEATURES   Windproof and tear-resistant nylon treated with CO DWR (Durable Water Repellent treatment) to repel moisture from the surface  Elastic edges at the hood and cuffs help block cold winds  Can be packed into the inner chest pocket  Drawstring at the hem for adjustable fit  Reflective logo detail" />
<meta property="og:url" content="https://varjesteg.se/en/product/ud-aerolight-wind-jacket-women/" />
<meta property="og:site_name" content="VarjeSteg" />
<meta property="article:publisher" content="https://www.facebook.com/varjesteg" />
<meta property="article:modified_time" content="2025-06-30T22:00:33+00:00" />
<meta property="og:image" content="https://varjesteg.se/wp-content/uploads/2024/09/Aerolight_Wind_Jacket_W_Clay_Clay_83473923CLY_8__56883.jpg" />
	<meta property="og:image:width" content="1280" />
	<meta property="og:image:height" content="1280" />
	<meta property="og:image:type" content="image/jpeg" />
<meta name="twitter:card" content="summary_large_image" />
<script type="application/ld+json" class="yoast-schema-graph">{"@context":"https://schema.org","@graph":[{"@type":"WebPage","@id":"https://varjesteg.se/en/product/ud-aerolight-wind-jacket-women/","url":"https://varjesteg.se/en/product/ud-aerolight-wind-jacket-women/","name":"UD - Aerolight Wind Jacket Women - VarjeSteg","isPartOf":{"@id":"https://varjesteg.se/en/#website"},"primaryImageOfPage":{"@id":"https://varjesteg.se/en/product/ud-aerolight-wind-jacket-women/#primaryimage"},"image":{"@id":"https://varjesteg.se/en/product/ud-aerolight-wind-jacket-women/#primaryimage"},"thumbnailUrl":"https://varjesteg.se/wp-content/uploads/2024/09/395212_source_1679334198.jpg","datePublished":"2024-09-25T15:56:12+00:00","dateModified":"2025-06-30T22:00:33+00:00","breadcrumb":{"@id":"https://varjesteg.se/en/product/ud-aerolight-wind-jacket-women/#breadcrumb"},"inLanguage":"en-US","potentialAction":[{"@type":"ReadAction","target":["https://varjesteg.se/en/product/ud-aerolight-wind-jacket-women/"]}]},{"@type":"ImageObject","inLanguage":"en-US","@id":"https://varjesteg.se/en/product/ud-aerolight-wind-jacket-women/#primaryimage","url":"https://varjesteg.se/wp-content/uploads/2024/09/395212_source_1679334198.jpg","contentUrl":"https://varjesteg.se/wp-content/uploads/2024/09/395212_source_1679334198.jpg","width":1280,"height":1280},{"@type":"BreadcrumbList","@id":"https://varjesteg.se/en/product/ud-aerolight-wind-jacket-women/#breadcrumb","itemListElement":[{"@type":"ListItem","position":1,"name":"Hem","item":"https://varjesteg.se/en/"},{"@type":"ListItem","position":2,"name":"Store","item":"https://varjesteg.se/en/store/"},{"@type":"ListItem","position":3,"name":"Clothes","item":"https://varjesteg.se/en/product-category/clothes/"},{"@type":"ListItem","position":4,"name":"UD &#8211; Aerolight Wind Jacket Women"}]},{"@type":"WebSite","@id":"https://varjesteg.se/en/#website","url":"https://varjesteg.se/en/","name":"Varjesteg","description":"Löpträning för alla","publisher":{"@id":"https://varjesteg.se/en/#organization"},"potentialAction":[{"@type":"SearchAction","target":{"@type":"EntryPoint","urlTemplate":"https://varjesteg.se/en/?s={search_term_string}"},"query-input":{"@type":"PropertyValueSpecification","valueRequired":true,"valueName":"search_term_string"}}],"inLanguage":"en-US"},{"@type":"Organization","@id":"https://varjesteg.se/en/#organization","name":"Varjesteg","url":"https://varjesteg.se/en/","logo":{"@type":"ImageObject","inLanguage":"en-US","@id":"https://varjesteg.se/en/#/schema/logo/image/","url":"https://varjesteg.se/wp-content/uploads/2024/02/varjesteg-logo.png.webp","contentUrl":"https://varjesteg.se/wp-content/uploads/2024/02/varjesteg-logo.png.webp","width":819,"height":200,"caption":"Varjesteg"},"image":{"@id":"https://varjesteg.se/en/#/schema/logo/image/"},"sameAs":["https://www.facebook.com/varjesteg","https://www.tiktok.com/@varjesteg?is_from_webapp=1&sender_device=pc","https://www.instagram.com/varjesteg.se/","https://se.linkedin.com/company/varjesteg"]}]}</script>
<!-- / Yoast SEO plugin. -->

Löpträning för alla
